{"id":10,"date":"2022-05-06T14:05:31","date_gmt":"2022-05-06T14:05:31","guid":{"rendered":"https:\/\/invest-import.rs\/?page_id=10"},"modified":"2022-05-20T07:12:36","modified_gmt":"2022-05-20T07:12:36","slug":"delatnosti","status":"publish","type":"page","link":"https:\/\/invest-import.rs\/index.php\/delatnosti\/","title":{"rendered":"Delatnosti"},"content":{"rendered":"<h2 class=\"p1\">Organizacione celine<\/h2>\n<p class=\"p1\">Kako bi udovoljio visokim zahtevima izvoza i uvoza, prodaje opreme i proizvoda, transfera tehnologije i ostvario investicione projekte, Invest-Import a.d. je osnovao nekoliko svojih preduze\u0107a i predstavni\u0161tava u svetu. Osnivanje ovih preduze\u0107a i predstavni\u0161tava treba da dovede do osvajanja raznih tr\u017ei\u0161ta u svetu, pronala\u017eenja novih vidova saradnje i usvajanje inicijativa koje bi omogu\u0107ile uspostavljanje poslovnih odnosa sa velikim me\u0111unarodnim kompanijama, kao i investiranja njihovog kapitala.Zahvaljuju\u0107i iskustvu i rezultatima izvr\u0161enih radova, visokom tehnolo\u0161kom nivou, inovacijama u proizvodnim i komercijalnim aktivnostima, kao i zaposlenima raznih struka, Invest-Import a.d. mo\u017ee da garantuje svojim partnerima pouzdanu i uspe\u0161nu saradnju.<\/p>\n<p class=\"p1\">Invest-Importa a.d. obavlja svoje delatnosti u okviru tri organizacione celine:<\/p>\n<p>&nbsp;<\/p>\n<h3 class=\"p1\">OC Invest-Trade<\/h3>\n<p class=\"p1\">Organizacioni centar Trgovina obavlja sve vrste spoljnotrgovinskih poslova (izvoz, uvoz, lon poslovi, lizing, kompenzacioni poslovi, zastupanje, medjunarodno posredovanje, konsignacija i dr.) kao i poslove unutra\u0161nje trgovine (trgovina na veliko i malo). U okviru navedenih poslova OC Trgovina se bavi prometom razli\u010ditih proizvoda i usluga:<\/p>\n<p class=\"p1\">\u2013 izvoz kablova,<\/p>\n<p class=\"p1\">\u2013 izvoz proizvoda obojenih metala i metalopreradjiva\u010dke industrije,<\/p>\n<p class=\"p1\">\u2013 uvoz opreme i rezernih delova za hidroelektane i termoelektrane,<\/p>\n<p class=\"p1\">\u2013 izvoz vagona i re\u010dnih brodova.<\/p>\n<p class=\"p1\">Izvoz kablovskih proizvoda, koji su izradjeni u Industriji Kablova Jagodina (FKS), u skladu sa najva\u017enijim svetskim standardima: VDE, GOST, LCIE, IEC, ASTM, UL Listings, BS, UTE i JUS standardom, od 1955. godine iznosi preko 4 milijarde dolara.<\/p>\n<p>&nbsp;<\/p>\n<p class=\"p1\">OC Trgovina izvozi slede\u0107e proizvode metalopreradjiva\u010dke industrije:<\/p>\n<p class=\"p1\">\u2013 ma\u0161ine: brusilice, strugove CNC obradne centre, specijalne ma\u0161ine,<\/p>\n<p class=\"p1\">\u2013 pneumatske i hidrauli\u010dne instalacije (kompresore, hidrauli\u010dne pumpe)<\/p>\n<p class=\"p1\">\u2013 traktore od 30-150KS uklju\u010duju\u0107i rezervne delove i priklju\u010dke,<\/p>\n<p class=\"p1\">\u2013 hidrauli\u010dna creva i hidrauli\u010dne upravlja\u010de.<\/p>\n<p class=\"p1\">Poslednjih godina glavne aktivnosti OC Trgovina bile su usmerene na uvoz opreme, rezervnih delova i materijala za potrebe hidro i termoelektrana, rudnika sa povr\u0161inskom i podzemnom eksploatacijom, kao i izvoz transportnih sredstava (brodova i \u0161inskih vozila).<\/p>\n<p>&nbsp;<\/p>\n<h3 class=\"p1\">OC Investicioni radovi<\/h3>\n<p class=\"p1\">Osnovne delatnosti:<\/p>\n<p class=\"p1\">Industrija \u2013 Energetika<\/p>\n<p class=\"p1\">Cevovodi \u2013 Infrastruktura<\/p>\n<p class=\"p1\">Luke \u2013 Vodosnabdevanje i kanalizacija<\/p>\n<p class=\"p1\">Rudnici \u2013 Telekomunikacije<\/p>\n<p class=\"p1\">Izgradnja \u2013 Izvodjenje i rekonstrukcija gradjevinskih objekata<\/p>\n<p class=\"p1\">Projektovanje \u2013 Industrijskih i stambenih objekata<\/p>\n<p class=\"p1\">Brane \u2013 Hidrotehni\u010dki objekti<\/p>\n<p class=\"p1\">Na polju investicija Invest-Import a.d. obavlja zna\u010dajne aktivnosti u inostranstvu, kao \u0161to su planiranje, nabavka, dizajn, monta\u017ea i instalacija opreme, nadzor, pu\u0161tanje u rad, obuka.<\/p>\n<p class=\"p1\">Monta\u017eni radovi \u010dine Invest-Import a.d. prepoznatljivim imenom u svetu, od kojih su najpoznatiji :<\/p>\n<p class=\"p1\">Fabrika za obradu ko\u017ee, objekti za skladi\u0161tenje ulja, gasa, derivata nafte kapaciteta iznad 500 tona, Remont i odr\u017eavanje svih vrsta industrijskih i drugih postojenja, fabrika za obradu celuloze i papira, monta\u017ea magistrala i grana toplovodnih cevovoda i cevovoda za gas (standardni radni pritisak preko 16 bara) instalacije grejanja, hla\u0111enja i klimatizacije, fabrika za proizvodnju cementa, fabrika za obradu nemetala, instalacije termoelektrana od 10 MVA i vi\u0161e, sve vrste instalacionih i zavr\u0161nih radova na elektranama, konstrukcija mehanizovanih robnih i putni\u010dkih luka, konstrukcija hladnja\u010da sistemom \u201eklju\u010d u ruke\u201d, projektovanje svih vrsta energetskih, industrijskih i gradjevinskih konstrukcija.<\/p>\n<p>&nbsp;<\/p>\n<h3 class=\"p1\">OC ekonomsko,<span class=\"Apple-converted-space\">\u00a0 <\/span>finansijsko, Pravni i op\u0161ti poslovi<\/h3>\n<div class=\"n2_ss_slider_publish__option_code\" dir=\"ltr\" data-mode=\"id\"><\/div>\n<p class=\"p1\">Ovaj OC bavi se obavljanjem administrativnih, ekonomskih i finansijskih poslova za kompaniju. Finansije su dostigle visok nivo koji omogu\u0107ava pru\u017eanje usluga svih vrsta uklju\u010duju\u0107i usluge konsaltinga u oblasti finansija i revizije, vrednovanja investicija, otkupa kompanija i prodaje, berzanske i brokerske usluge i usluge finansijskog in\u017eenjeringa.<\/p>\n<p><script src=\"moz-extension:\/\/439301c4-97f6-4ee1-9ccb-dcadab2615fc\/inject-scripts\/searchvideos.js\" async=\"\"><\/script><\/p>\n<p><script src=\"moz-extension:\/\/439301c4-97f6-4ee1-9ccb-dcadab2615fc\/inject-scripts\/searchvideos.js\" async=\"\"><\/script><\/p>\n","protected":false},"excerpt":{"rendered":"<p>Organizacione celine Kako bi udovoljio visokim zahtevima izvoza i uvoza, prodaje opreme i proizvoda, transfera tehnologije i ostvario investicione projekte, Invest-Import a.d. je osnovao nekoliko svojih preduze\u0107a i predstavni\u0161tava u svetu. Osnivanje ovih preduze\u0107a i predstavni\u0161tava treba da dovede do osvajanja raznih tr\u017ei\u0161ta u svetu, pronala\u017eenja novih vidova saradnje i usvajanje inicijativa koje bi omogu\u0107ile [&hellip;]<\/p>\n","protected":false},"author":1,"featured_media":0,"parent":0,"menu_order":0,"comment_status":"closed","ping_status":"closed","template":"","meta":{"footnotes":""},"class_list":["post-10","page","type-page","status-publish","hentry","post"],"_links":{"self":[{"href":"https:\/\/invest-import.rs\/index.php\/wp-json\/wp\/v2\/pages\/10","targetHints":{"allow":["GET"]}}],"collection":[{"href":"https:\/\/invest-import.rs\/index.php\/wp-json\/wp\/v2\/pages"}],"about":[{"href":"https:\/\/invest-import.rs\/index.php\/wp-json\/wp\/v2\/types\/page"}],"author":[{"embeddable":true,"href":"https:\/\/invest-import.rs\/index.php\/wp-json\/wp\/v2\/users\/1"}],"replies":[{"embeddable":true,"href":"https:\/\/invest-import.rs\/index.php\/wp-json\/wp\/v2\/comments?post=10"}],"version-history":[{"count":5,"href":"https:\/\/invest-import.rs\/index.php\/wp-json\/wp\/v2\/pages\/10\/revisions"}],"predecessor-version":[{"id":162,"href":"https:\/\/invest-import.rs\/index.php\/wp-json\/wp\/v2\/pages\/10\/revisions\/162"}],"wp:attachment":[{"href":"https:\/\/invest-import.rs\/index.php\/wp-json\/wp\/v2\/media?parent=10"}],"curies":[{"name":"wp","href":"https:\/\/api.w.org\/{rel}","templated":true}]}}